se 16) to base 14.
3
Convert -342 (base 5) to base 11.
-89
What is -78 (base 11) in base 2?
-1010101
What is -176 (base 8) in base 12?
-a6
Convert -30 (base 9) to base 6.
-43
-1 (base 11) to base 5
-1
11 (base 3) to base 10
4
10 (base 4) to base 15
4
-101 (base 2) to base 16
-5
2 (base 15) to base 5
2
-2222 (base 4) to base 2
-10101010
Convert 10 (base 8) to base 6.
12
Convert -a (base 12) to base 2.
-1010
-4 (base 9) to base 12
-4
Convert -44 (base 8) to base 3.
-1100
What is -139 (base 10) in base 8?
-213
What is -b (base 16) in base 7?
-14
57 (base 10) to base 15
3c
What is -1f (base 16) in base 3?
-1011
Convert 0 (base 14) to base 6.
0
What is 25 (base 15) in base 16?
23
Convert -5 (base 6) to base 2.
-101
What is 9e (base 16) in base 12?
112
What is -7 (base 11) in base 2?
-111
What is -3 (base 15) in base 11?
-3
What is -5 (base 14) in base 10?
-5
What is 90 (base 11) in base 15?
69
-131 (base 4) to base 13
-23
Convert 10 (base 11) to base 10.
11
What is -11 (base 5) in base 11?
-6
71 (base 12) to base 8
125
Convert -211 (base 3) to base 7.
-31
What is 1 (base 2) in base 13?
1
Convert 0 (base 9) to base 2.
0
What is 332 (base 5) in base 4?
1130
What is -2 (base 3) in base 5?
-2
What is -11 (base 5) in base 13?
-6
What is 4 (base 9) in base 7?
4
What is -8 (base 11) in base 3?
-22
0 (base 5) to base 6
0
Convert 114 (base 7) to base 5.
220
What is 21 (base 3) in base 6?
11
Convert 21 (base 8) to base 4.
101
Convert 4 (base 5) to base 14.
4
Convert 1 (base 12) to base 4.
1
What is -100100 (base 2) in base 12?
-30
Convert -201 (base 4) to base 6.
-53
Convert 5b (base 14) to base 2.
1010001
What is 33 (base 4) in base 7?
21
Convert -6c (base 13) to base 10.
-90
0 (base 16) to base 8
0
Convert -101 (base 5) to base 6.
-42
9 (base 12) to base 3
100
-20 (base 15) to base 8
-36
Convert -34 (base 9) to base 10.
-31
27 (base 15) to base 10
37
-47 (base 8) to base 11
-36
Convert -531 (base 7) to base 6.
-1123
What is -21 (base 9) in base 11?
-18
Convert 3 (base 12) to base 4.
3
What is -2 (base 13) in base 9?
-2
Convert 11 (base 15) to base 4.
100
What is -33 (base 5) in base 10?
-18
Convert b (base 13) to base 2.
1011
Convert 5 (base 14) to base 9.
5
Convert 40 (base 5) to base 10.
20
What is 20221 (base 3) in base 9?
227
3 (base 4) to base 6
3
What is -8 (base 9) in base 12?
-8
Convert -284 (base 9) to base 16.
-ee
Convert d8 (base 14) to base 15.
ca
Convert 1021 (base 3) to base 7.
46
What is 2 (base 9) in base 4?
2
What is -2d (base 15) in base 13?
-34
Convert 5 (base 7) to base 2.
101
What is 1010001 (base 2) in base 7?
144
Convert 414 (base 8) to base 12.
1a4
1 (base 16) to base 4
1
Convert -68 (base 9) to base 7.
-116
Convert 2 (base 9) to base 7.
2
Convert 20 (base 3) to base 6.
10
What is -60 (base 8) in base 14?
-36
47 (base 10) to base 8
57
What is 3 (base 8) in base 13?
3
43 (base 13) to base 3
2001
What is 22 (base 4) in base 16?
a
-13 (base 15) to base 4
-102
Convert 2 (base 14) to base 4.
2
What is 10 (base 2) in base 16?
2
What is 11 (base 15) in base 7?
22
Convert 12 (base 7) to base 2.
1001
Convert -1 (base 14) to base 8.
-1
What is -7 (base 15) in base 9?
-7
Convert -65 (base 9) to base 7.
-113
Convert -2 (base 15) to base 2.
-10
Convert 77 (base 9) to base 6.
154
Convert 12 (base 7) to base 8.
11
-1122 (base 4) to base 12
-76
10033 (base 4) to base 7
535
-11 (base 15) to base 6
-24
Convert -14 (base 7) to base 16.
-b
ab (base 16) to base 10
171
-e (base 15) to base 2
-1110
Convert -3a (base 15) to base 11.
-50
Convert 220 (base 3) to base 12.
20
2 (base 6) to base 13
2
What is -101100 (base 2) in base 13?
-35
What is -19 (base 16) in base 2?
-11001
What is -2 (base 5) in base 14?
-2
3 (base 11) to base 5
3
What is -3 (base 14) in base 16?
-3
Convert 96 (base 10) to base 5.
341
Convert 2 (base 5) to base 16.
2
Convert -3 (base 9) to base 2.
-11
Convert 1110 (base 2) to base 11.
13
11 (base 14) to base 8
17
34 (base 11) to base 12
31
Convert -1 (base 13) to base 5.
-1
1 (base 9) to base 11
1
Convert 144 (base 15) to base 4.
10201
Convert -12 (base 6) to base 4.
-20
Convert 46 (base 10) to base 6.
114
-81 (base 14) to base 6
-305
What is 0 (base 4) in base 11?
0
Convert 26 (base 11) to base 8.
34
Convert 4 (base 13) to base 16.
4
133 (base 9) to base 15
76
What is -20 (base 7) in base 6?
-22
What is -3 (base 16) in base 6?
-3
What is 26 (base 12) in base 8?
36
Convert 2 (base 15) to base 14.
2
What is 11 (base 4) in base 7?
5
What is -103 (base 5) in base 9?
-31
0 (base 4) to base 2
0
78 (base 10) to base 4
1032
What is -22 (base 11) in base 8?
-30
What is 20 (base 3) in base 16?
6
What is 1 (base 16) in base 5?
1
Convert -35 (base 8) to base 14.
-21
Convert -103 (base 4) to base 10.
-19
Convert 6 (base 16) to base 12.
6
What is 1020 (base 4) in base 5?
242
-1211 (base 3) to base 5
-144
What is 0 (base 4) in base 15?
0
Convert -124 (base 11) to base 15.
-9c
-286 (base 9) to base 15
-110
2 (base 14) to base 4
2
Convert -140 (base 5) to base 12.
-39
Convert -12 (base 12) to base 10.
-14
b (base 16) to base 7
14
Convert 1000110 (base 2) to base 15.
4a
What is -a (base 11) in base 8?
-12
What is 47 (base 14) in base 9?
70
Convert -21 (base 4) to base 9.
-10
-9 (base 16) to base 5
-14
424 (base 6) to base 14
b6
What is 121 (base 10) in base 5?
441
What is -4 (base 7) in base 4?
-10
Convert 461 (base 7) to base 3.
22212
Convert 26 (base 11) to base 6.
44
Convert a (base 12) to base 9.
11
10 (base 2) to base 10
2
0 (base 12) to base 7
0
-100101 (base 2) to base 12
-31
What is 101 (base 2) in base 12?
5
What is -44 (base 9) in base 5?
-130
Convert -15 (base 12) to base 6.
-25
-4 (base 11) to base 5
-4
What is -4 (base 7) in base 5?
-4
-30 (base 5) to base 2
-1111
Convert -4 (base 5) to base 13.
-4
What is 1011 (base 2) in base 4?
23
What is -213 (base 10) in base 11?
-184
11111 (base 2) to base 5
111
23 (base 7) to base 14
13
-1 (base 9) to base 10
-1
What is 4 (base 16) in base 12?
4
Convert 103 (base 5) to base 6.
44
Convert 1133 (base 4) to base 8.
137
What is -1042 (base 5) in base 12?
-103
-11 (base 7) to base 8
-10
-10 (base 7) to base 2
-111
-11 (base 4) to base 13
-5
-1 (base 9) to base 13
-1
What is a0 (base 11) in base 14?
7c
-4 (base 5) to base 14
-4
Convert 3 (base 12) to base 14.
3
-1 (base 14) to base 8
-1
Convert 5 (base 9) to base 14.
5
3 (base 9) to base 13
3
What is 0 (base 2) in base 6?
0
Convert -100 (base 8) to base 11.
-59
What is 4 (base 16) in base 7?
4
What is -17 (base 8) in base 2?
-1111
-201 (base 3) to base 4
-103
What is -10 (base 6) in base 8?
-6
Convert -2 (base 5) to base 9.
-2
Convert 223 (base 4) to base 16.
2b
3 (base 10) to base 4
3
-16 (base 8) to base 6
-22
Convert -6 (base 10) to base 12.
-6
Convert -2 (base 3) to base 7.
-2
-214 (base 8) to base 3
-12012
17 (base 8) to base 4
33
What is -1 (base 4) in base 16?
-1
Convert 4 (base 14) to base 5.
4
-362 (base 9) to base 12
-20b
Convert -5 (base 14) to base 9.
-5
Convert -43 (base 7) to base 3.
-1011
-3 (base 5) to base 8
-3
-224 (base 5) to base 9
-71
32 (base 7) to base 4
113
-7 (base 9) to base 16
-7
Convert 4 (base 9) to base 13.
4
-1 (base 11) to base 9
-1
Convert 111 (base 4) to base 3.
210
Convert 45 (base 6) to base 5.
104
What is -b (base 13) in base 12?
-b
Convert -7 (base 14) to base 16.
-7
Convert -20 (base 14) to base 12.
-24
Convert -303 (base 4) to base 5.
-201
What is -11 (base 12) in base 16?
-d
What is 110 (base 2) in base 8?
6
Convert 1 (base 15) to base 2.
1
110111 (base 2) to base 15
3a
0 (base 10) to base 4
0
What is -85 (base 12) in base 8?
-145
Convert 9 (base 10) to base 12.
9
What is -110000 (base 2) in base 6?
-120
2 (base 6) to base 7
2
What is 38 (base 13) in base 11?
43
What is 113 (base 4) in base 3?
212
Convert -120 (base 3) to base 12.
-13
42 (base 7) to base 2
11110
Convert 75 (base 10) to base 7.
135
What is 0 (base 12) in base 3?
0
What is -4 (base 14) in base 9?
-4
Convert 111 (base 3) to base 7.
16
139 (base 12) to base 16
bd
Convert 54 (base 12) to base 13.
4c
What is 46 (base 8) in base 6?
102
-6 (base 13) to base 14
-6
Convert 22 (base 13) to base 3.
1001
What is -59 (base 16) in base 14?
-65
What is 8 (base 16) in base 14?
8
1 (base 4) to base 2
1
-27 (base 10) to base 15
-1c
-b1 (base 15) to base 14
-bc
Con